{"id":87,"date":"2015-01-14T20:52:24","date_gmt":"2015-01-14T20:52:24","guid":{"rendered":"http:\/\/www.pietiket.com\/?page_id=87"},"modified":"2024-04-17T05:47:23","modified_gmt":"2024-04-17T06:47:23","slug":"tema-ozellikleri","status":"publish","type":"page","link":"https:\/\/www.pietiket.com\/index.php\/tema-ozellikleri\/","title":{"rendered":"\u00dcr\u00fcnlerimizin \u00d6zellikleri"},"content":{"rendered":"\n<p>\u00dcr\u00fcnlerimiz A Kalite Lamine Thermal, PP Thermal , PP \u015eeffaf Thermal Malzemelerden \u00fcretilmektedir.<\/p>\n\n\n\n<p>\u00dcr\u00fcnlerimizin hepsi % 100 Uyumlu olarak \u00c7al\u0131\u015fmaktad\u0131r.<\/p>\n\n\n\n<p>\u00dcr\u00fcnlerimizin hepsi firmam\u0131z garantisi alt\u0131nda olup ilgili yaz\u0131c\u0131larda cal\u0131\u015fma garantisi vermekteyiz.<\/p>\n\n\n\n<p>\u00dcr\u00fcnlerimizde Kulland\u0131g\u0131m\u0131z Hammadde \u00f6zellikleri :<\/p>\n\n\n\n<figure class=\"wp-block-gallery has-nested-images columns-default is-cropped wp-block-gallery-1 is-layout-flex wp-block-gallery-is-layout-flex\">\n<figure class=\"wp-block-image size-large\"><img loading=\"lazy\" decoding=\"async\" width=\"801\" height=\"1024\" data-id=\"3158\" src=\"http:\/\/www.pietiket.com\/wp-content\/uploads\/2024\/03\/Ekran-goruntusu-2024-03-23-190746-801x1024.png\" alt=\"\" class=\"wp-image-3158\" srcset=\"https:\/\/www.pietiket.com\/wp-content\/uploads\/2024\/03\/Ekran-goruntusu-2024-03-23-190746-801x1024.png 801w, https:\/\/www.pietiket.com\/wp-content\/uploads\/2024\/03\/Ekran-goruntusu-2024-03-23-190746-235x300.png 235w, https:\/\/www.pietiket.com\/wp-content\/uploads\/2024\/03\/Ekran-goruntusu-2024-03-23-190746-768x982.png 768w, https:\/\/www.pietiket.com\/wp-content\/uploads\/2024\/03\/Ekran-goruntusu-2024-03-23-190746-1202x1536.png 1202w, https:\/\/www.pietiket.com\/wp-content\/uploads\/2024\/03\/Ekran-goruntusu-2024-03-23-190746.png 1363w\" sizes=\"(max-width: 801px) 100vw, 801px\" \/><\/figure>\n<\/figure>\n\n\n\n<figure class=\"wp-block-image size-large\"><img loading=\"lazy\" decoding=\"async\" width=\"797\" height=\"1024\" src=\"http:\/\/www.pietiket.com\/wp-content\/uploads\/2024\/03\/Ekran-goruntusu-2024-03-23-190546-797x1024.png\" alt=\"\" class=\"wp-image-3161\" srcset=\"https:\/\/www.pietiket.com\/wp-content\/uploads\/2024\/03\/Ekran-goruntusu-2024-03-23-190546-797x1024.png 797w, https:\/\/www.pietiket.com\/wp-content\/uploads\/2024\/03\/Ekran-goruntusu-2024-03-23-190546-234x300.png 234w, https:\/\/www.pietiket.com\/wp-content\/uploads\/2024\/03\/Ekran-goruntusu-2024-03-23-190546-768x987.png 768w, https:\/\/www.pietiket.com\/wp-content\/uploads\/2024\/03\/Ekran-goruntusu-2024-03-23-190546-1196x1536.png 1196w, https:\/\/www.pietiket.com\/wp-content\/uploads\/2024\/03\/Ekran-goruntusu-2024-03-23-190546.png 1352w\" sizes=\"(max-width: 797px) 100vw, 797px\" \/><\/figure>\n","protected":false},"excerpt":{"rendered":"<p>\u00dcr\u00fcnlerimiz A Kalite Lamine Thermal, PP Thermal , PP \u015eeffaf Thermal Malzemelerden \u00fcretilmektedir. \u00dcr\u00fcnlerimizin hepsi % 100 Uyumlu olarak \u00c7al\u0131\u015fmaktad\u0131r. \u00dcr\u00fcnlerimizin hepsi firmam\u0131z garantisi alt\u0131nda olup ilgili yaz\u0131c\u0131larda cal\u0131\u015fma garantisi vermekteyiz. \u00dcr\u00fcnlerimizde Kulland\u0131g\u0131m\u0131z Hammadde \u00f6zellikleri :<\/p>\n","protected":false},"author":1,"featured_media":0,"parent":0,"menu_order":0,"comment_status":"open","ping_status":"open","template":"","meta":{"footnotes":""},"aioseo_notices":[],"_links":{"self":[{"href":"https:\/\/www.pietiket.com\/index.php\/wp-json\/wp\/v2\/pages\/87"}],"collection":[{"href":"https:\/\/www.pietiket.com\/index.php\/wp-json\/wp\/v2\/pages"}],"about":[{"href":"https:\/\/www.pietiket.com\/index.php\/wp-json\/wp\/v2\/types\/page"}],"author":[{"embeddable":true,"href":"https:\/\/www.pietiket.com\/index.php\/wp-json\/wp\/v2\/users\/1"}],"replies":[{"embeddable":true,"href":"https:\/\/www.pietiket.com\/index.php\/wp-json\/wp\/v2\/comments?post=87"}],"version-history":[{"count":22,"href":"https:\/\/www.pietiket.com\/index.php\/wp-json\/wp\/v2\/pages\/87\/revisions"}],"predecessor-version":[{"id":3860,"href":"https:\/\/www.pietiket.com\/index.php\/wp-json\/wp\/v2\/pages\/87\/revisions\/3860"}],"wp:attachment":[{"href":"https:\/\/www.pietiket.com\/index.php\/wp-json\/wp\/v2\/media?parent=87"}],"curies":[{"name":"wp","href":"https:\/\/api.w.org\/{rel}","templated":true}]}}